s the greatest common divisor of 2565 and 2700?
135
Calculate the highest common factor of 108 and 612.
36
What is the highest common factor of 3439 and 171?
19
Calculate the highest common factor of 332 and 415.
83
What is the highest common divisor of 189 and 14?
7
What is the greatest common divisor of 56 and 161?
7
What is the greatest common divisor of 32 and 480?
32
What is the greatest common divisor of 70408 and 52?
52
Calculate the highest common factor of 308 and 84.
28
What is the highest common divisor of 40 and 4076?
4
Calculate the greatest common divisor of 832 and 806.
26
What is the highest common divisor of 2158 and 182?
26
What is the greatest common factor of 216 and 120?
24
Calculate the greatest common divisor of 11 and 77.
11
What is the greatest common factor of 2 and 118?
2
What is the greatest common factor of 583 and 132?
11
Calculate the greatest common factor of 1837 and 517.
11
What is the greatest common divisor of 5327 and 7?
7
What is the highest common divisor of 112 and 64?
16
Calculate the highest common divisor of 46050 and 150.
150
Calculate the highest common factor of 40 and 35.
5
Calculate the highest common divisor of 36 and 4.
4
Calculate the greatest common factor of 5 and 716.
1
Calculate the greatest common factor of 723 and 3.
3
Calculate the greatest common divisor of 27 and 24093.
9
What is the greatest common divisor of 2574 and 792?
198
Calculate the highest common divisor of 6640 and 16.
16
What is the greatest common factor of 25 and 305?
5
What is the greatest common factor of 36 and 32?
4
Calculate the greatest common factor of 21 and 917.
7
What is the greatest common factor of 42639 and 366?
183
What is the highest common factor of 38 and 5?
1
What is the highest common factor of 720 and 210?
30
Calculate the greatest common divisor of 11 and 495.
11
What is the highest common divisor of 606 and 6?
6
What is the highest common divisor of 90 and 234?
18
What is the greatest common divisor of 310 and 290?
10
Calculate the greatest common factor of 163 and 6357.
163
Calculate the greatest common divisor of 4 and 1348.
4
Calculate the greatest common factor of 6386 and 248.
62
What is the highest common factor of 26 and 5213?
13
Calculate the greatest common divisor of 45072 and 144.
144
What is the greatest common factor of 93 and 341?
31
What is the highest common divisor of 405 and 15?
15
Calculate the highest common divisor of 9 and 27.
9
What is the highest common factor of 228 and 24?
12
What is the highest common factor of 6100 and 200?
100
What is the greatest common factor of 646 and 374?
34
What is the greatest common divisor of 70 and 20?
10
Calculate the highest common divisor of 65 and 325.
65
What is the highest common factor of 627 and 231?
33
What is the greatest common factor of 14 and 2688?
14
What is the greatest common factor of 88 and 4136?
88
Calculate the highest common divisor of 208 and 130.
26
Calculate the highest common divisor of 3267 and 121.
121
What is the greatest common factor of 680 and 17?
17
Calculate the highest common divisor of 111 and 370.
37
What is the highest common factor of 207 and 46161?
207
What is the greatest common factor of 220 and 88?
44
Calculate the greatest common divisor of 689 and 13.
13
What is the greatest common factor of 89 and 15575?
89
What is the highest common factor of 216 and 189?
27
Calculate the greatest common divisor of 691 and 3.
1
What is the greatest common factor of 2263 and 511?
73
What is the highest common factor of 28 and 1960?
28
What is the greatest common factor of 322 and 92?
46
Calculate the greatest common factor of 42 and 4.
2
Calculate the highest common factor of 99 and 36.
9
What is the highest common divisor of 138 and 38?
2
What is the greatest common divisor of 2180 and 9156?
436
What is the highest common divisor of 41 and 1312?
41
What is the highest common divisor of 171 and 133?
19
Calculate the highest common divisor of 187 and 88.
11
What is the highest common divisor of 6 and 354?
6
What is the highest common divisor of 255 and 4080?
255
Calculate the greatest common factor of 594 and 726.
66
What is the greatest common factor of 87 and 162?
3
Calculate the greatest common divisor of 5907 and 9.
3
Calculate the highest common divisor of 294 and 539.
49
What is the highest common divisor of 13 and 2?
1
Calculate the greatest common factor of 960 and 420.
60
What is the highest common divisor of 5 and 35?
5
Calculate the greatest common factor of 6 and 2358.
6
Calculate the greatest common divisor of 2294 and 259.
37
What is the greatest common divisor of 9869 and 1390?
139
What is the greatest common factor of 70 and 6300?
70
Calculate the highest common divisor of 18 and 342.
18
What is the highest common factor of 38 and 19?
19
Calculate the greatest common divisor of 4 and 103.
1
Calculate the highest common divisor of 2832 and 2.
2
What is the greatest common factor of 2508 and 2736?
228
What is the greatest common divisor of 98 and 504?
14
Calculate the greatest common divisor of 47502 and 116.
58
Calculate the greatest common divisor of 90 and 18.
18
What is the greatest common divisor of 238 and 34?
34
What is the highest common factor of 1599 and 984?
123
What is the greatest common divisor of 20 and 270?
10
What is the highest common divisor of 14 and 14294?
14
What is the highest common factor of 374 and 44?
22
What is the highest common factor of 11931 and 123?
123
What is the highest common factor of 708 and 12?
12
Calculate the highest common divisor of 452 and 4.
4
What is the highest common factor of 8 and 216?
8
Calculate the greatest common divisor of 192 and 200.
8
Calculate the greatest common divisor of 132 and 14344.
44
Calculate the greatest common factor of 136 and 153.
17
What is the greatest common factor of 79 and 13588?
79
Calculate the greatest common divisor of 408 and 11560.
136
Calculate the highest common divisor of 297 and 54.
27
Calculate the highest common factor of 185 and 16465.
185
Calculate the highest common divisor of 5375 and 25.
25
What is the greatest common factor of 23 and 483?
23
Calculate the highest common divisor of 19 and 23731.
19
Calculate the greatest common factor of 440 and 6490.
110
What is the greatest common divisor of 12 and 1800?
12
What is the greatest common divisor of 264 and 468?
12
What is the highest common factor of 412 and 8858?
206
Calculate the highest common factor of 26 and 715.
13
What is the highest common factor of 48149 and 89?
89
Calculate the greatest common divisor of 234 and 27.
9
What is the greatest common factor of 2 and 422?
2
What is the greatest common factor of 918 and 54?
54
What is the greatest common divisor of 3248 and 840?
56
What is the greatest common factor of 58 and 290?
58
What is the greatest common factor of 4218 and 456?
114
What is the highest common divisor of 162 and 2025?
81
Calculate the highest common factor of 136 and 51.
17
Calculate the greatest common divisor of 86 and 387.
43
Calculate the greatest common factor of 4720 and 5015.
295
Calculate the highest common divisor of 64757 and 77.
77
What is the greatest common divisor of 1 and 3019?
1
What is the highest common factor of 1935 and 6837?
129
Calculate the greatest common factor of 27 and 4806.
27
What is the greatest common divisor of 945 and 280?
35
Calculate the greatest common divisor of 224 and 28.
28
What is the greatest common factor of 7 and 1351?
7
Calculate the greatest common divisor of 18883 and 23.
23
What is the highest common factor of 42 and 2786?
14
Calculate the greatest common divisor of 679 and 873.
97
What is the greatest common divisor of 2248 and 56?
8
What is the greatest common divisor of 71 and 497?
71
Calculate the highest common divisor of 473 and 11.
11
What is the greatest common factor of 144 and 72?
72
Calculate the highest common factor of 4 and 268.
4
Calculate the greatest common divisor of 256 and 5504.
128
What is the highest common factor of 2 and 178?
2
What is the highest common factor of 41704 and 208?
104
Calculate the greatest common divisor of 33069 and 438.
219
What is the greatest common divisor of 4770 and 72?
18
Calculate the highest common divisor of 40 and 440.
40
Calculate th